prime?
False
Is 1628951 a prime number?
False
Is 29335 prime?
False
Is 4709 a prime number?
False
Is 50731 a prime number?
False
Is 8747 a composite number?
False
Is 412717 prime?
True
Is 2254827 a composite number?
True
Is 11819 prime?
False
Is 699263 composite?
True
Is 380951 a composite number?
False
Is 9407 composite?
True
Is 245407 a composite number?
False
Is 207367 a prime number?
True
Is 212969 composite?
False
Is 29819 a composite number?
False
Is 32933 a composite number?
False
Is 69681 a composite number?
True
Is 114511 prime?
False
Is 13093 prime?
True
Is 10177 a composite number?
False
Is 80285 a composite number?
True
Is 706151 a composite number?
False
Is 142319 a prime number?
True
Is 200569 composite?
False
Is 49561 a composite number?
True
Is 609101 composite?
False
Is 157873 a composite number?
True
Is 154423 a composite number?
False
Is 3299 composite?
False
Is 426197 a composite number?
False
Is 44153 prime?
False
Is 25111 a prime number?
True
Is 7531 a prime number?
False
Is 1203646 prime?
False
Is 10057 a prime number?
False
Is 7039 a prime number?
True
Is 44531 a composite number?
False
Is 2285 a prime number?
False
Is 278815 prime?
False
Is 75687 composite?
True
Is 33541 composite?
True
Is 32987 composite?
False
Is 1276199 composite?
True
Is 26449 prime?
True
Is 779083 a composite number?
True
Is 1149487 a prime number?
True
Is 1890061 a composite number?
True
Is 2302 prime?
False
Is 214481 prime?
True
Is 3763 prime?
False
Is 15397 a composite number?
True
Is 374221 a composite number?
True
Is 4777 composite?
True
Is 107389 a composite number?
True
Is 17597 a prime number?
True
Is 6449 prime?
True
Is 17077 a prime number?
True
Is 3251 a prime number?
True
Is 27311 composite?
True
Is 4095087 composite?
True
Is 2513 a prime number?
False
Is 742783 a composite number?
False
Is 47777 prime?
True
Is 60641 a composite number?
True
Is 225457 prime?
True
Is 1087 a composite number?
False
Is 583549 a prime number?
False
Is 24599 a composite number?
True
Is 217493 prime?
False
Is 438131 a prime number?
True
Is 3937 prime?
False
Is 211177 a prime number?
True
Is 1111 composite?
True
Is 1657 composite?
False
Is 755371 a composite number?
False
Is 547337 composite?
True
Is 3601 a composite number?
True
Is 115207 composite?
True
Is 3935 a prime number?
False
Is 322537 a prime number?
True
Is 259367 prime?
False
Is 2609 composite?
False
Is 132661 a composite number?
False
Is 9365 a prime number?
False
Is 298929 prime?
False
Is 114107 composite?
True
Is 125959 a composite number?
False
Is 1783 composite?
False
Is 2115637 a prime number?
False
Is 3259 prime?
True
Is 18923 prime?
False
Is 95177 prime?
True
Is 24317 a composite number?
False
Is 136151 prime?
False
Is 3647 a prime number?
False
Is 4223 a composite number?
True
Is 293941 a prime number?
True
Is 164153 prime?
False
Is 66211 composite?
True
Is 53855 prime?
False
Is 194011 a composite number?
True
Is 18965 a prime number?
False
Is 9049 composite?
False
Is 14599 composite?
True
Is 135761 composite?
True
Is 357171 prime?
False
Is 45919 composite?
True
Is 175141 a composite number?
False
Is 33563 prime?
True
Is 491773 prime?
True
Is 246097 a prime number?
True
Is 102293 a prime number?
True
Is 7031 composite?
True
Is 7613 a prime number?
False
Is 170953 prime?
True
Is 3061 composite?
False
Is 125399 composite?
False
Is 150055 prime?
False
Is 1587491 composite?
False
Is 823505 a composite number?
True
Is 120893 a prime number?
False
Is 3630251 composite?
True
Is 17863 a composite number?
False
Is 45307 composite?
False
Is 22373 composite?
True
Is 28682 a prime number?
False
Is 10801 composite?
True
Is 161189 a composite number?
True
Is 470137 prime?
False
Is 1523501 prime?
False
Is 100039 a prime number?
False
Is 184057 a prime number?
True
Is 10997 composite?
True
Is 5675891 a prime number?
False
Is 37409 composite?
False
Is 277349 composite?
True
Is 2077 a prime number?
False
Is 35597 a prime number?
True
Is 162273 a composite number?
True
Is 1257 a composite number?
True
Is 277231 prime?
True
Is 107339 composite?
False
Is 5219 a prime number?
False
Is 22189 prime?
True
Is 2063 a prime number?
True
Is 8219 composite?
False
Is 30209 composite?
True
Is 129619 composite?
True
Is 650387 a prime number?
True
Is 13021 a prime number?
False
Is 36481 prime?
False
Is 1471 a composite number?
False
Is 12077 a composite number?
True
Is 145421 a prime number?
False
Is 15131 composite?
False
Is 51283 a prime number?
True
Is 194017 a composite number?
False
Is 6197 composite?
False
Is 3095159 prime?
False
Is 653431 a prime number?
True
Is 2573491 prime?
True
Is 25813 a prime number?
False
Is 6074 prime?
False
Is 10301 prime?
True
Is 43021 composite?
True
Is 116063 a prime number?
False
Is 13417 a composite number?
False
Is 889 composite?
True
Is 7382 composite?
True
Is 721015 composite?
True
Is 563327 a prime number?
True
Is 3739 a composite number?
False
Is 11065 composite?
True
Is 4141559 composite?
False
Is 500317 a composite number?
False
Is 4001 composite?
False
Is 8384173 composite?
True
Is 167711 a composite number?
False
Is 648433 a composite number?
False
Is 223274 prime?
False
Is 2551273 composite?
False
Is 303749 a composite number?
False
Is 5623 composite?
False
Is 128671 composite?
True
Is 103083 a prime number?
False
Is 475441 a composite number?
False
Is 31511 a composite number?
False
Is 8223 a prime number?
False
Is 22901 a composite number?
False
Is 88211 composite?
False
Is 923773 a composite number?
False
Is 456329 a composite number?
False
Is 7022 prime?
False
Is 233939 a composite number?
False
Is 6437 composite?
True
Is 502899 composite?
True
Is 50879 a composite number?
True
Is 5161 prime?
False
Is 19567 a prime number?
False
Is 136985 a prime number?
False
Is 28321 composite?
True
Is 295189 a prime number?
False
Is 97543 prime?
False
Is 2023941 composite?
True
Is 257627 a prime number?
True
Is 70841 a prime number?
True
Is 633 a prime number?
False
Is 405857 composite?
False
Is 2386999 composite?
False
Is 158293 a prime number?
True
Is 37 a composite number?
False
Is 65749 a composite number?
True
Is 4621 a prime number?
True
Is 141923 prime?
False
Is 2583101 composite?
False
Is 38639 a composite number?
False
Is 103349 a composite number?
False
Is 24347 a prime number?
False
Is 13093 a composite number?
False
Is 80737 prime?
True
Is 6731 a composite number?
True
Is 222601 a composite number?
False
Is 161969 a prime number?
True
Is 15479 prime?
False
Is 85835 a prime number?
False
Is 439221 composite?
True
Is 41879 prime?
True
Is 624577 a composite number?
False
Is 7789 composite?
False
Is 539705 a prime number?
False
Is 60301 a composite number?
True
Is 10847 prime?
True
Is 4703 prime?
True
Is 16726 a composite number?
True
Is 15487 a composite number?
True
Is 4561 composite?
False
Is 13649 a prime number?
True
Is 5989357 a composite number?
True
Is 17557 a composite number?
True
Is 143509 a prime number?
True
Is 32709 prime?
False
Is 53923 a composite number?
False
Is 7403 prime?
False
Is 1249 prime?
True
Is 7997 composite?
True
Is 317881 a prime number?
False
Is 397051 composite?
False
Is 849301 composite?
False
Is 7121 a prime number?
True
Is 20993 prime?
False
Is 127481 prime?
True
Is 222689 a composite number?
True
Is 300019 composite?
True
Is 4195 a composite number?
True
Is 391726 a composite number?
True
Is 109085 composite?
True
Is 77879 a composite number?
True
Is 277409 a composite number?
True
Is 174281 composite?
False
Is 75011 a composite number?
False
Is 88121 a composite number?
True
Is 9941 prime?
True
Is 5189 a composite number?
False
Is 197407 prime?
False
Is 108305 a composite number?
True
Is 4861 a prime number?
True
Is 5591 composite?
False
Is 34189 a prime number?
False
Is 29363 prime?
True
Is 137779 prime?
False
Is 96613 prime?
False
Is 166183 a composite number?
False
Is 3935 prime?
False
Is 8903 prime?
False
Is 1357403 a composite number?
True
Is 218357 a composite number?
False
Is 29371 prime?
False
Is 391 a prime number?
False
Is 2483 prime?
False
Is 877 prime?
True
Is 61331 a prime number?
True
Is 546181 composite?
True
Is 124843 a composite number?
True
Is 42095 composite?
True
Is 2161 a prime number?
True
Is 411 prime?
False
Is 72